{"id":628,"date":"2023-11-28T22:58:41","date_gmt":"2023-11-28T22:58:41","guid":{"rendered":"https:\/\/laccei.org\/leird2023\/?page_id=628"},"modified":"2023-11-29T11:30:07","modified_gmt":"2023-11-29T11:30:07","slug":"plenaries-leird-siimil","status":"publish","type":"page","link":"https:\/\/laccei.org\/leird2023\/plenaries-leird-siimil\/","title":{"rendered":"Plenaries LEIRD\/SIIMIL"},"content":{"rendered":"\n<hr class=\"wp-block-separator has-alpha-channel-opacity\"\/>\n\n\n\n<div class=\"wp-block-group is-layout-constrained wp-block-group-is-layout-constrained\">\n<h2 class=\"wp-block-heading has-text-align-center\">Plenaria: Martes 5 de Diciembre 5, 2023<br>10:30 AM to 12:00 PM (GMT -5, NY Time)<br><a href=\"https:\/\/www.youtube.com\/@lacceiofficial\/streams\" target=\"_blank\" rel=\"noreferrer noopener\"><mark style=\"background-color:rgba(0, 0, 0, 0)\" class=\"has-inline-color has-primary-color\">https:\/\/www.youtube.com\/@lacceiofficial\/streams<\/mark><\/a><\/h2>\n\n\n\n<style>\n.bio .popup-overlay {\n  position: fixed;\n  top: 0;\n  left: 0;\n  width: 100%;\n  height: 100%;\n  background-color: rgba(0, 0, 0, 0.5);\n  z-index: 9998;\n  display: none;\n}\n.bio .popup-content {\n  display: none;\n  position: fixed;\n  top: 50%;\n  left: 50%;\n  transform: translate(-50%, -50%);\n  width: 400px;\n  max-width: 90%;\n  padding: 20px;\n  background-color: #fff;\n  border-radius: 10px;\n  box-shadow: 0 2px 4px rgba(0, 0, 0, 0.2);\n  width: 600px;\n  z-index: 9999;\n}\n.bio .popup-content.show {\n  display: block;\n}\n.bio body.popup-opened {\n  overflow: hidden;\n}\n.bio body.popup-opened .popup-content {\n  z-index: 10000;\n  display: block;\n}\n.bios-container .wp-block-columns {\n  display: flex;\n  align-items: center;\n  padding-left: 300px;\n}\n\n.bios-container .wp-block-columns .wp-block-column:first-child {\n  flex: 0 0 100px;\n  display: flex;\n  justify-content: flex-end;\n}\n\n.bios-container .wp-block-columns .wp-block-column:first-child img {\n  height: 100px;\n  width: 100px; \/* Set a fixed width of 100px for the images *\/\n  object-fit: cover;\n}\n\n.bios-container .wp-block-columns .wp-block-column:last-child {\n  flex: 1;\n}\n.bio .popup-link {\n  color: #0BA8E6;\n  text-decoration: none;\n}\n.bio.popup-opened {\n  position: relative;\n  z-index: 9999;\n}\nbody.popup-opened {\n  overflow: hidden;\n}\n\nbody.popup-opened:not(.bio-popup-opened) {\n  overflow: hidden;\n}\n\nbody.popup-opened:not(.bio-popup-opened) * {\n  pointer-events: none;\n  opacity: 0.3;\n}\n\n.bio-popup-opened .popup-overlay,\n.bio-popup-opened .popup-content {\n  z-index: 10000;\n}\n\n.bio-popup-opened .popup-overlay {\n  display: block;\n}\n\n.bio-popup-opened .popup-content {\n  display: block;\n}\n<\/style>\n<script>\n  function initializePopUp(bioElement) {\n    var popupLink = bioElement.querySelector('.popup-link');\n    var popupContent = bioElement.querySelector('.popup-content');\n    var popupClose = bioElement.querySelector('.popup-close');\n    var body = document.querySelector('body');\n\n    popupLink.addEventListener('click', function(e) {\n      e.preventDefault();\n      popupContent.classList.add('show');\n      body.classList.add('popup-opened');\n      bioElement.classList.add('bio-popup-opened');\n    });\n\n    document.addEventListener('click', function(e) {\n      if (!popupContent.contains(e.target) && !popupLink.contains(e.target)) {\n        popupContent.classList.remove('show');\n        body.classList.remove('popup-opened');\n        bioElement.classList.remove('bio-popup-opened');\n      }\n    });\n\n    popupClose.addEventListener('click', function() {\n      popupContent.classList.remove('show');\n      body.classList.remove('popup-opened');\n      bioElement.classList.remove('bio-popup-opened');\n    });\n  }\n\n  document.addEventListener('DOMContentLoaded', function() {\n    var bios = document.querySelectorAll('.bio');\n\n    bios.forEach(function(bio) {\n      initializePopUp(bio);\n    });\n  });\n<\/script>\n\n\n\n<h3 class=\"wp-block-heading has-text-align-center\">\u201cDiagn\u00f3sticos de Ecosistemas de Innovaci\u00f3n y Sostenibilidad en Am\u00e9rica Latina y el Caribe&#8221;. OEA-COMCYT y Harvard\u201d<\/h3>\n<\/div>\n\n\n\n<figure class=\"wp-block-image aligncenter\"><img decoding=\"async\" src=\"https:\/\/dev.laccei.org\/backup_old_site\/laccei2022\/wp-content\/uploads\/sites\/4\/elementor\/thumbs\/Organization-of-American-States-OAS_medium-pqw172c83psjwp0x4xl1tvt7wivf1op63wp9h2wgq8.png\" alt=\"Organization-of-American-States-OAS_medium\" title=\"Organization-of-American-States-OAS_medium\"\/><\/figure>\n\n\n\n<div class=\"wp-block-group bios-container is-layout-constrained wp-block-group-is-layout-constrained\">\n<h4 class=\"wp-block-heading\">Moderator:<\/h4>\n\n\n\n<div class=\"wp-block-columns is-layout-flex wp-container-core-columns-is-layout-28f84493 wp-block-columns-is-layout-flex\">\n<div class=\"wp-block-column is-layout-flow wp-block-column-is-layout-flow\">\n<figure class=\"wp-block-image alignright size-full is-resized\"><img decoding=\"async\" src=\"https:\/\/laccei.org\/laccei2023\/wp-content\/uploads\/sites\/3\/2023\/07\/aryanne-pqw3ewqo5jkxkd9203g7hq3g4nc1oksal2xkz9mnzc.jpg\" alt=\"\" class=\"wp-image-619\"\/><\/figure>\n<\/div>\n\n\n\n<div class=\"wp-block-column is-layout-flow wp-block-column-is-layout-flow\">\n<p><strong>Aryanne Quintal.<br><strong>Science and Technology Specialist, Department of Economic Development, Executive Secretariat for Integral Development, OAS (OEA).<\/strong><\/strong><\/p>\n\n\n\n<div class=\"wp-block-group bio is-layout-constrained wp-block-group-is-layout-constrained\">\nBio: <a href=\"#\" class=\"popup-link\">Click Here<\/a>\n<div class=\"popup-overlay\"><\/div>\n<div class=\"popup-content\">\nAryanne Quintal es Especialista de la Secci\u00f3n de Competitividad, Innovaci\u00f3n y Tecnolog\u00eda de la Organizaci\u00f3n de los Estados Americanos (OEA). En su cargo actual participa en la formulaci\u00f3n, ejecuci\u00f3n y evaluaci\u00f3n de m\u00faltiples iniciativas de desarrollo regional en las \u00e1reas de transferencia y comercializaci\u00f3n de tecnolog\u00eda; previsi\u00f3n tecnol\u00f3gica y futuro del trabajo; educaci\u00f3n en ingenier\u00eda y equidad e igualdad de g\u00e9nero en STEM. \n\nSe desempe\u00f1a como uno de los principales puntos de contacto de los Gobiernos de los 34 Pa\u00edses Miembros de la OEA para todas las cuestiones relacionadas con la ciencia, la tecnolog\u00eda y la innovaci\u00f3n, as\u00ed como coordinadora de los dos (2) m\u00e1ximos di\u00e1logos hemisf\u00e9ricos sobre ciencia y tecnolog\u00eda del regi\u00f3n, a saber, la Reuni\u00f3n Interamericana de Ministros de Ciencia y Tecnolog\u00eda y la Comisi\u00f3n Interamericana de Ciencia y Tecnolog\u00eda (COMCYT). \n\nAdem\u00e1s, es una reconocida oradora invitada internacional en temas de ciencia y tecnolog\u00eda para el desarrollo social y econ\u00f3mico en Am\u00e9rica Latina y el Caribe. Aryanne  Quintal habla franc\u00e9s, ingl\u00e9s y espa\u00f1ol. Tiene una maestr\u00eda en Relaciones Internacionales de la Universidad de Quebec en Montreal (Canad\u00e1), y una Licenciatura en Artes con menci\u00f3n en Comunicaci\u00f3n Pol\u00edtica de la misma Universidad.\n<br>\n<button class=\"popup-close\">&times;<\/button>\n<\/div>\n<\/div>\n<\/div>\n<\/div>\n\n\n\n<h4 class=\"wp-block-heading\">Conferencista Magistral (Keynote speaker):<\/h4>\n\n\n\n<div class=\"wp-block-columns is-layout-flex wp-container-core-columns-is-layout-28f84493 wp-block-columns-is-layout-flex\">\n<div class=\"wp-block-column is-layout-flow wp-block-column-is-layout-flow\">\n<figure class=\"wp-block-image aligncenter size-full\"><img loading=\"lazy\" decoding=\"async\" width=\"469\" height=\"455\" src=\"https:\/\/laccei.org\/leird2023\/wp-content\/uploads\/sites\/4\/2023\/11\/image-7.png\" alt=\"\" class=\"wp-image-634\" srcset=\"https:\/\/laccei.org\/leird2023\/wp-content\/uploads\/sites\/4\/2023\/11\/image-7.png 469w, https:\/\/laccei.org\/leird2023\/wp-content\/uploads\/sites\/4\/2023\/11\/image-7-300x291.png 300w\" sizes=\"auto, (max-width: 469px) 100vw, 469px\" \/><\/figure>\n<\/div>\n\n\n\n<div class=\"wp-block-column is-layout-flow wp-block-column-is-layout-flow\">\n<p><strong>Dr. Ram\u00f3n Sanchez<\/strong><br><strong>Director del&nbsp;Programa&nbsp;de Tecnolog\u00edas Sostenibles&nbsp;y Salud&nbsp;de la Escuela de Salud P\u00fablica&nbsp;T.H. Chan de la Universidad de Harvard<\/strong><\/p>\n\n\n\n<div class=\"wp-block-group bio is-layout-constrained wp-block-group-is-layout-constrained\">\nBio: <a href=\"#\" class=\"popup-link\">Click Here<\/a>\n<div class=\"popup-overlay\"><\/div>\n<div class=\"popup-content\">\nEl Dr. Ram\u00f3n S\u00e1nchez fue el primer director del Programa de Tecnolog\u00edas Sostenibles y Salud en la Universidad de Harvard.  Ram\u00f3n tiene 15 registros de invenci\u00f3n y 5 patentes en los Estados Unidos de Am\u00e9rica y Europa. El Dr. S\u00e1nchez ha ayudado a crear y conseguir fondos para m\u00e1s de 300 startups en salud y sostenibilidad.  Ram\u00f3n es actualmente Investigador Principal en proyectos para fortalecer los ecosistemas locales de innovaci\u00f3n en todo el mundo (para tener centros de innovaci\u00f3n como Boston y Silicon Valley en todo el planeta). \n\nRam\u00f3n S\u00e1nchez es doctor y maestro en ciencias en salud ambiental por la Universidad de Harvard.  Adem\u00e1s, es maestro en ciencias en sistemas de manufactura e ingeniero mec\u00e1nico por el Tec de Monterrey Campus Monterrey en M\u00e9xico. \n\nAntes de llegar a la Universidad de Harvard, fue ingeniero automotriz y director de ingenier\u00eda y producci\u00f3n en una empresa manufacturera transnacional. Supervis\u00f3 a cientos de ingenieros y miles de trabajadores en siete departamentos con operaciones en 3 pa\u00edses (M\u00e9xico, China y EE.UU.).\n<br>\n<button class=\"popup-close\">&times;<\/button>\n<\/div>\n<\/div>\n<\/div>\n<\/div>\n\n\n\n<hr class=\"wp-block-separator has-alpha-channel-opacity\"\/>\n\n\n\n<div class=\"wp-block-columns is-layout-flex wp-container-core-columns-is-layout-28f84493 wp-block-columns-is-layout-flex\">\n<div class=\"wp-block-column is-layout-flow wp-block-column-is-layout-flow\">\n<div class=\"wp-block-group bio is-layout-constrained wp-block-group-is-layout-constrained\"><\/div>\n<\/div>\n<\/div>\n<\/div>\n","protected":false},"excerpt":{"rendered":"<p>Plenaria: Martes 5 de Diciembre 5, 202310:30 AM to 12:00 PM (GMT -5, NY Time)https:\/\/www.youtube.com\/@lacceiofficial\/streams \u201cDiagn\u00f3sticos de Ecosistemas de Innovaci\u00f3n y Sostenibilidad en Am\u00e9rica Latina y el Caribe&#8221;. OEA-COMCYT y Harvard\u201d Moderator: Aryanne Quintal.Science and Technology Specialist, Department of Economic Development, Executive Secretariat for Integral Development, OAS (OEA). Bio: Click Here Aryanne Quintal es Especialista [&hellip;]<\/p>\n","protected":false},"author":1,"featured_media":0,"parent":0,"menu_order":0,"comment_status":"closed","ping_status":"closed","template":"","meta":{"footnotes":""},"class_list":["post-628","page","type-page","status-publish","hentry"],"_links":{"self":[{"href":"https:\/\/laccei.org\/leird2023\/wp-json\/wp\/v2\/pages\/628","targetHints":{"allow":["GET"]}}],"collection":[{"href":"https:\/\/laccei.org\/leird2023\/wp-json\/wp\/v2\/pages"}],"about":[{"href":"https:\/\/laccei.org\/leird2023\/wp-json\/wp\/v2\/types\/page"}],"author":[{"embeddable":true,"href":"https:\/\/laccei.org\/leird2023\/wp-json\/wp\/v2\/users\/1"}],"replies":[{"embeddable":true,"href":"https:\/\/laccei.org\/leird2023\/wp-json\/wp\/v2\/comments?post=628"}],"version-history":[{"count":11,"href":"https:\/\/laccei.org\/leird2023\/wp-json\/wp\/v2\/pages\/628\/revisions"}],"predecessor-version":[{"id":646,"href":"https:\/\/laccei.org\/leird2023\/wp-json\/wp\/v2\/pages\/628\/revisions\/646"}],"wp:attachment":[{"href":"https:\/\/laccei.org\/leird2023\/wp-json\/wp\/v2\/media?parent=628"}],"curies":[{"name":"wp","href":"https:\/\/api.w.org\/{rel}","templated":true}]}}