{"id":443,"date":"2023-06-03T14:37:47","date_gmt":"2023-06-03T14:37:47","guid":{"rendered":"https:\/\/laccei.org\/leird2023\/?page_id=443"},"modified":"2023-10-10T01:45:43","modified_gmt":"2023-10-10T01:45:43","slug":"student-competition-spanish","status":"publish","type":"page","link":"https:\/\/laccei.org\/leird2023\/student-competition-spanish\/","title":{"rendered":"Student competition Spanish"},"content":{"rendered":"\n<p class=\"has-text-align-right\" style=\"font-size:12px\">For English, click&nbsp;<a href=\"https:\/\/laccei.org\/leird2023\/student\/\" data-type=\"page\" data-id=\"40\">HERE<\/a><\/p>\n\n\n\n<p><strong>Competencia de Proyectos Estudiantiles de Emprendimiento e Innovaci\u00f3n (E&amp;I23)<br><\/strong><em>Fecha l\u00edmite para env\u00edo de videos: 13 de octubre<\/em><\/p>\n\n\n\n<p style=\"font-size:15px\">Este certamen tiene como objetivo motivar el esp\u00edritu emprendedor entre los estudiantes universitarios y estimular el logro de sus objetivos acad\u00e9micos mediante el desarrollo de proyectos de emprendimiento innovadores. El concurso consta de dos fases. En la Fase 1 se requiere un trabajo que describa el proyecto. Los seleccionados para pasar a la Fase 2 deber\u00e1n preparar un breve v\u00eddeo de presentaci\u00f3n del proyecto para mostrarlo al jurado durante una sesi\u00f3n de la conferencia LEIRD2023 el pr\u00f3ximo mes de diciembre.<\/p>\n\n\n\n<p style=\"font-size:15px\"><strong>REGLAS<\/strong><\/p>\n\n\n\n<p style=\"font-size:15px\">PARTICIPANTES: Equipos de hasta cuatro estudiantes universitarios de pregrado activos que pueden ser de diferentes disciplinas o especializaciones. Deben estar respaldados por un mentor que sea profesor en la instituci\u00f3n donde est\u00e1 inscrito el estudiante l\u00edder.<\/p>\n\n\n\n<p style=\"font-size:15px\">TIPOS DE PROYECTOS: Cualquier proyecto de emprendimiento innovador, incluidos aquellos con impacto ambiental, social o comunitario, puede ser presentado al Certamen.<\/p>\n\n\n\n<p style=\"font-size:15px\">TRABAJO ESCRITO Y V\u00cdDEO: El proyecto se presentar\u00e1 mediante estos dos componentes en ingl\u00e9s o espa\u00f1ol. La evaluaci\u00f3n se llevar\u00e1 a cabo en dos fases. En la&nbsp;<strong>Fase 1<\/strong> se evaluar\u00e1 el trabajo escrito y podr\u00e1 ser seleccionado para pasar a la siguiente fase. En la&nbsp;<strong>Fase 2<\/strong>, el jurado evaluar\u00e1 el video y las respuestas a las preguntas en vivo de los Jurados y se seleccionar\u00e1n los ganadores.<\/p>\n\n\n\n<ul class=\"wp-block-list\" style=\"font-size:15px\">\n<li><strong>Trabajo escrito<\/strong><br><strong>Contenido:&nbsp;<\/strong>resumen, definici\u00f3n del problema, modelo de negocio CANVAS, ajuste del producto al mercado, perfil del usuario, funcionalidades del producto, producto m\u00ednimo viable.<br><strong>Formato:<\/strong>&nbsp;hasta 5 p\u00e1ginas tama\u00f1o carta (sin contar el formulario de registro, la portada, el \u00edndice y las referencias), tipo de letra Arial 12p, espaciado a 1.5 l\u00edneas, formato pdf.<\/li>\n\n\n\n<li><strong>Video<\/strong><br><strong>Contenido:&nbsp;<\/strong>explicaci\u00f3n resumida de la oportunidad y el producto.<br><strong>Formato<\/strong>: m\u00e1ximo de tres (3) minutos en formato MP4.<br><strong>Plantilla para Presentaci\u00f3n Estudiantil:&nbsp;<\/strong>click&nbsp;<a href=\"https:\/\/laccei.org\/LACCEI_uploads\/Poster-LEIRD-2023-WP_and_SP.ppt\">aqu\u00ed<\/a><br><strong>Respuesta a preguntas del jurado:<\/strong>&nbsp;vivo mediante la plataforma AGORA Meetings<\/li>\n<\/ul>\n\n\n\n<p style=\"font-size:15px\">C\u00d3MO PARTICIPAR: Presentar el proyecto estudiantil en la plataforma web de <a href=\"https:\/\/www.conftool.pro\/leird2023\/\" data-type=\"URL\" data-id=\"https:\/\/www.conftool.pro\/leird2023\/\">ConfTool-LEIRD2023<\/a>.&nbsp;<strong>Fase 1<\/strong>: el trabajo ser\u00e1 enviado por el l\u00edder del equipo antes de la fecha l\u00edmite a trav\u00e9s de la plataforma. El l\u00edder del equipo y el profesor mentor recibir\u00e1n un correo electr\u00f3nico de confirmaci\u00f3n al que deben responder.&nbsp;<strong>Fase 2<\/strong>: Dependiendo de la evaluaci\u00f3n del trabajo, se enviar\u00e1 un correo electr\u00f3nico al l\u00edder estudiantil y al profesor mentor con una invitaci\u00f3n e instrucciones para enviar el video y presentarlo al jurado durante la sesi\u00f3n virtual.<\/p>\n\n\n\n<p style=\"font-size:15px\">EL JURADO: Grupo de profesores y\/o emprendedores designados por el Comit\u00e9 de Emprendimiento e Innovaci\u00f3n (CIPEI) de LACCEI.<\/p>\n\n\n\n<p style=\"font-size:15px\">GANADORES: Hasta cuatro premios a los mejores proyectos:<\/p>\n\n\n\n<ul class=\"wp-block-list\" style=\"font-size:15px\">\n<li><strong>Primero<\/strong>: USD 600 para el equipo del proyecto e inscripciones gratuitas a los miembros para participar virtualmente en la conferencia LEIRD 2024. De forma opcional recibir\u00e1n mentor\u00eda especializada por parte de miembros de CIPEI para el desarrollo de su iniciativa emprendedora.<\/li>\n\n\n\n<li><strong>Segundo<\/strong>: USD 400 para el equipo del proyecto e inscripciones gratuitas a los miembros para participar virtualmente en la conferencia LEIRD 2024. De forma opcional recibir\u00e1n mentor\u00eda especializada por parte de miembros de CIPEI para el desarrollo de su iniciativa emprendedora.<\/li>\n\n\n\n<li><strong>Tercero<\/strong>: USD 200 para el equipo del proyecto e inscripciones gratuitas a los miembros para participar virtualmente en la conferencia LEIRD 2024. De forma opcional recibir\u00e1n mentor\u00eda especializada por parte de miembros de CIPEI para el desarrollo de su iniciativa emprendedora.<\/li>\n<\/ul>\n\n\n\n<p style=\"font-size:15px\">Todos los clasificados para participar en la Fase 2 as\u00ed como la instituci\u00f3n a la que representan recibir\u00e1n un diploma de reconocimiento.<\/p>\n\n\n\n<p style=\"font-size:15px\"><strong>CRITERIOS DE EVALUACI\u00d3N<\/strong><\/p>\n\n\n\n<p style=\"font-size:15px\">Problema: Se demuestra que existe un problema o necesidad significativa que el proyecto trata de resolver. Un problema o necesidad es una situaci\u00f3n en la que es posible mejorar las condiciones existentes. Un problema causa incomodidad o inconvenientes a los usuarios. Se describe la incomodidad o necesidad.<\/p>\n\n\n\n<p style=\"font-size:15px\">Soluci\u00f3n: Se demuestra que el proyecto resuelve un problema significativo. El producto, servicio, tecnolog\u00eda o proceso resuelve al menos un aspecto de la necesidad o problema.<\/p>\n\n\n\n<p style=\"font-size:15px\">Innovaci\u00f3n: Se demuestra que la soluci\u00f3n es \u00fanica en t\u00e9rminos de concepto, tecnolog\u00eda o accesibilidad a la misma. El proyecto (producto, servicio, tecnolog\u00eda o proceso) se diferencia de otras soluciones que intentan resolver el problema en t\u00e9rminos de caracter\u00edsticas, accesibilidad u otros aspectos.<\/p>\n\n\n\n<p style=\"font-size:15px\">Impacto: Se demuestra que hay un n\u00famero significativo de personas u organizaciones (usuarios potenciales) que tienen el problema que el proyecto va a resolver. Se proporciona una estimaci\u00f3n del n\u00famero de usuarios potenciales con caracter\u00edsticas comunes basada en una fuente confiable (por ejemplo: estad\u00edsticas del gobierno, asociaci\u00f3n de la industria, investigaci\u00f3n previa, etc.).<\/p>\n\n\n\n<p style=\"font-size:15px\">Factibilidad: Se demuestra que la soluci\u00f3n propuesta es o puede ser accesible para las personas u organizaciones que tienen el problema. La soluci\u00f3n es conceptualmente factible y aplicable; incluir fotos, encuestas, ventas,&nbsp;<em>likes<\/em>, etc.<\/p>\n\n\n\n<p style=\"font-size:15px\">Evaluaci\u00f3n en general:&nbsp;<\/p>\n\n\n\n<ul class=\"wp-block-list\" style=\"font-size:15px\">\n<li>Claridad y gesti\u00f3n del tiempo: La idea se presenta claramente y se cumple con las especificaciones de tiempo establecidos.<\/li>\n\n\n\n<li>Pasi\u00f3n: El estilo de la presentaci\u00f3n es elocuente, entusiasta y convincente.<\/li>\n\n\n\n<li>Otros criterios en general: redacci\u00f3n, aportes, errores ortogr\u00e1ficos, formato del documento, definici\u00f3n del problema, CANVAS, producto m\u00ednimo viable, etc.<\/li>\n<\/ul>\n\n\n\n<p style=\"font-size:15px\"><strong>CALENDARIO 2023<\/strong><\/p>\n\n\n\n<ul class=\"wp-block-list\" style=\"font-size:15px\">\n<li>Plazo de env\u00edo del trabajo escrito&nbsp;\u2013&nbsp;11 de septiembre, 2023<\/li>\n\n\n\n<li>Evaluaci\u00f3n de trabajo escritos (Fase 1) \u2013 25 de septiembre de 2023 al 6 de octubre de 2023<\/li>\n\n\n\n<li>Env\u00edo de invitaci\u00f3n para participar en la Fase 2 \u2013 7 de octubre de 2023<\/li>\n\n\n\n<li>Fecha l\u00edmite para el env\u00edo del video \u2013 16 de octubre de 2023<\/li>\n\n\n\n<li>Fase 2 Presentaciones virtuales \u2013 6 de diciembre de 2023<\/li>\n<\/ul>\n\n\n\n<p style=\"font-size:15px\">Haga clic&nbsp;<a href=\"https:\/\/www.conftool.pro\/leird2023\/\" data-type=\"URL\" data-id=\"https:\/\/www.conftool.pro\/leird2023\/\" target=\"_blank\" rel=\"noreferrer noopener\"><strong>AQUI<\/strong><\/a>&nbsp;para ir a la plataforma ConfTool-LEIRD2023 desde donde se env\u00edan los documentos (proyectos). Seleccione el \u201c<em>track<\/em>\u201d: \u201cInternational Student Entrepreneurship and Innovation Projects Competition\u201d<\/p>\n\n\n\n<p style=\"font-size:15px\">Haga clic&nbsp;<a href=\"https:\/\/docs.google.com\/presentation\/d\/1caPiXE7rwCVWeVk10FFrUxp4YL4n5rTbzmjtSUh-cn8\/edit?usp=sharing\" data-type=\"URL\" data-id=\"https:\/\/docs.google.com\/presentation\/d\/1caPiXE7rwCVWeVk10FFrUxp4YL4n5rTbzmjtSUh-cn8\/edit?usp=sharing\" target=\"_blank\" rel=\"noreferrer noopener\"><strong>AQUI&nbsp;<\/strong><\/a>para obtener las instrucciones sobre c\u00f3mo enviar un documento (proyecto). Antes debe crear una cuenta, clic <a href=\"https:\/\/docs.google.com\/presentation\/d\/1lXRsHPahDuW02OMWA8RifytAk-m8lpIxP3l2P-YsCK8\/edit?usp=sharing\" data-type=\"URL\" data-id=\"https:\/\/docs.google.com\/presentation\/d\/1lXRsHPahDuW02OMWA8RifytAk-m8lpIxP3l2P-YsCK8\/edit?usp=sharing\">aqu\u00ed para ver un tutorial de creaci\u00f3n de cuentas<\/a>.<\/p>\n\n\n\n<p style=\"font-size:15px\"><strong>Env\u00ede su proyecto ahora:<\/strong><\/p>\n\n\n\n<p><a rel=\"noreferrer noopener\" href=\"https:\/\/twitter.com\/laccei\" target=\"_blank\"><\/a><\/p>\n","protected":false},"excerpt":{"rendered":"<p>For English, click&nbsp;HERE Competencia de Proyectos Estudiantiles de Emprendimiento e Innovaci\u00f3n (E&amp;I23)Fecha l\u00edmite para env\u00edo de videos: 13 de octubre Este certamen tiene como objetivo motivar el esp\u00edritu emprendedor entre los estudiantes universitarios y estimular el logro de sus objetivos acad\u00e9micos mediante el desarrollo de proyectos de emprendimiento innovadores. El concurso consta de dos fases. [&hellip;]<\/p>\n","protected":false},"author":1,"featured_media":0,"parent":0,"menu_order":0,"comment_status":"closed","ping_status":"closed","template":"","meta":{"footnotes":""},"class_list":["post-443","page","type-page","status-publish","hentry"],"_links":{"self":[{"href":"https:\/\/laccei.org\/leird2023\/wp-json\/wp\/v2\/pages\/443","targetHints":{"allow":["GET"]}}],"collection":[{"href":"https:\/\/laccei.org\/leird2023\/wp-json\/wp\/v2\/pages"}],"about":[{"href":"https:\/\/laccei.org\/leird2023\/wp-json\/wp\/v2\/types\/page"}],"author":[{"embeddable":true,"href":"https:\/\/laccei.org\/leird2023\/wp-json\/wp\/v2\/users\/1"}],"replies":[{"embeddable":true,"href":"https:\/\/laccei.org\/leird2023\/wp-json\/wp\/v2\/comments?post=443"}],"version-history":[{"count":9,"href":"https:\/\/laccei.org\/leird2023\/wp-json\/wp\/v2\/pages\/443\/revisions"}],"predecessor-version":[{"id":573,"href":"https:\/\/laccei.org\/leird2023\/wp-json\/wp\/v2\/pages\/443\/revisions\/573"}],"wp:attachment":[{"href":"https:\/\/laccei.org\/leird2023\/wp-json\/wp\/v2\/media?parent=443"}],"curies":[{"name":"wp","href":"https:\/\/api.w.org\/{rel}","templated":true}]}}