{"id":339,"date":"2023-05-12T14:06:44","date_gmt":"2023-05-12T14:06:44","guid":{"rendered":"https:\/\/laccei.org\/laccei2026\/?page_id=339"},"modified":"2026-01-09T11:31:26","modified_gmt":"2026-01-09T11:31:26","slug":"thesis-competition-general","status":"publish","type":"page","link":"https:\/\/laccei.org\/laccei2026\/thesis-competition-general\/","title":{"rendered":"Thesis Competition"},"content":{"rendered":"\n<h2 class=\"wp-block-heading has-text-align-center\">Reconocimientos a Tesis de Maestr\u00eda y Doctorado<br>en Investigaci\u00f3n y Pr\u00e1ctica de la Ingenier\u00eda (3MT\u00ae)<\/h2>\n\n\n\n<p style=\"font-size:14px\">Para el 2026, LACCEI presenta la convocatoria 3MT\u00ae \u2013 Investigaci\u00f3n y Pr\u00e1ctica de la Ingenier\u00eda, en ingles: <em><strong>3MT in Engineering Research and Engineering Practice (ER\/EP)<\/strong><\/em>, dirigida a tesis de maestr\u00eda y doctorado en ingenier\u00eda, tecnolog\u00eda y pr\u00e1ctica profesional avanzada, en el marco de la iniciativa internacional <a href=\"https:\/\/threeminutethesis.uq.edu.au\/\" data-type=\"link\" data-id=\"https:\/\/threeminutethesis.uq.edu.au\/\"><mark style=\"background-color:rgba(0, 0, 0, 0)\" class=\"has-inline-color has-secondary-color\">Three Minute Thesis (3MT<a href=\"https:\/\/threeminutethesis.uq.edu.au\/\" data-type=\"link\" data-id=\"https:\/\/threeminutethesis.uq.edu.au\/\"><mark style=\"background-color:rgba(0, 0, 0, 0)\" class=\"has-inline-color has-secondary-color\">\u00ae<\/mark><\/a><\/mark><\/a>), creada por la Universidad de Queensland (Australia) en 2008.<\/p>\n\n\n\n<p style=\"font-size:14px\">Esta categor\u00eda reconoce investigaciones que contribuyan al <strong>avance del conocimiento cient\u00edfico<\/strong>, al <strong>desarrollo tecnol\u00f3gico<\/strong>, a la <strong>innovaci\u00f3n<\/strong>, o a la <strong>aplicaci\u00f3n pr\u00e1ctica de la ingenier\u00eda<\/strong> en contextos industriales, productivos, sociales o ambientales.<\/p>\n\n\n\n<p style=\"font-size:14px\">El objetivo de <strong>LACCEI 3MT\u00ae \u2013 ER\/EP<\/strong> es que las y los participantes presenten el impacto t\u00e9cnico, tecnol\u00f3gico o pr\u00e1ctico de su investigaci\u00f3n en un tiempo m\u00e1ximo de <strong>tres minutos<\/strong>, utilizando un mensaje claro y convincente para una audiencia no especializada. En la categor\u00eda <strong>Investigaci\u00f3n y Pr\u00e1ctica de la Ingenier\u00eda (ER\/EP)<\/strong> se otorgan los siguientes reconocimientos como se viene haciendo desde el a\u00f1o 2023:<\/p>\n\n\n\n<ul class=\"wp-block-list\">\n<li>El <strong>Premio Dr. Leonardo Alcayhuam\u00e1n Acostupa<\/strong> ser\u00e1 para la tesis de Maestr\u00eda.<\/li>\n\n\n\n<li>El <strong>Premio Dr. Pr\u00edamo Rodr\u00edguez Castillo <\/strong>para la tesis doctoral.<\/li>\n<\/ul>\n\n\n\n<p>Estos reconocimientos son una iniciativa impulsada por los <strong>Cap\u00edtulos Estudiantiles de LACCEI<\/strong>.<\/p>\n\n\n\n<div class=\"wp-block-columns is-layout-flex wp-container-core-columns-is-layout-28f84493 wp-block-columns-is-layout-flex\">\n<div class=\"wp-block-column is-layout-flow wp-block-column-is-layout-flow\" style=\"flex-basis:100%\">\n<div class=\"wp-block-columns is-layout-flex wp-container-core-columns-is-layout-28f84493 wp-block-columns-is-layout-flex\">\n<div class=\"wp-block-column is-vertically-aligned-center is-layout-flow wp-block-column-is-layout-flow\">\n<figure class=\"wp-block-image aligncenter size-large is-resized\"><img decoding=\"async\" src=\"https:\/\/laccei.org\/laccei2026\/wp-content\/uploads\/sites\/9\/2023\/05\/DR.-LEONARDO-ALCAYHUAMAN-1.jpg\" alt=\"\" style=\"object-fit:cover;width:400px;height:400px\"\/><\/figure>\n\n\n\n<p class=\"has-text-align-center\"><strong>Premio Dr. Leonardo Alcayhuam\u00e1n Acostupa a tesis de maestr\u00eda<\/strong><\/p>\n<\/div>\n\n\n\n<div class=\"wp-block-column is-layout-flow wp-block-column-is-layout-flow\">\n<figure class=\"wp-block-image aligncenter size-large is-resized\"><img decoding=\"async\" src=\"https:\/\/laccei.org\/laccei2026\/wp-content\/uploads\/sites\/9\/2023\/05\/DR.-PRIAMO-RODRIGUEZ-1.png\" alt=\"\" style=\"width:auto;height:400px\"\/><\/figure>\n\n\n\n<p class=\"has-text-align-center\"><strong>Premio Dr. Pr\u00edamo Rodr\u00edguez Castillo a tesis doctoral<\/strong><\/p>\n<\/div>\n<\/div>\n<\/div>\n<\/div>\n\n\n\n<p class=\"has-text-align-center\"><\/p>\n\n\n\n<h4 class=\"wp-block-heading\" style=\"font-size:18px\"><strong>Alcance de la categor\u00eda ER\/EP<\/strong><\/h4>\n\n\n\n<p>El <strong>3MT in Engineering Research and Engineering Practice (ER\/EP)<\/strong> est\u00e1 orientado a tesis cuya contribuci\u00f3n principal es t\u00e9cnica, cient\u00edfica o aplicada, es decir:<\/p>\n\n\n\n<ul class=\"wp-block-list\">\n<li>El <strong>objeto de estudio<\/strong> es un <strong>problema de ingenier\u00eda<\/strong><\/li>\n\n\n\n<li>El <strong>impacto<\/strong> es tecnol\u00f3gico, productivo, industrial, ambiental o social<\/li>\n\n\n\n<li>La <strong>educaci\u00f3n no es el foco<\/strong>, aunque pueda ser un efecto indirecto, por ejemplo, estudios centrados en c\u00f3mo ense\u00f1ar ese sistema (eso es EE)<\/li>\n<\/ul>\n\n\n\n<p>En esta categoria de 3MT de maestr\u00eda y de doctorado en ER\/EP se incluyen tanto:<\/p>\n\n\n\n<ul class=\"wp-block-list\">\n<li>Investigaci\u00f3n acad\u00e9mica<\/li>\n\n\n\n<li>Desarrollo tecnol\u00f3gico<\/li>\n\n\n\n<li>Pr\u00e1ctica profesional avanzada<\/li>\n\n\n\n<li>Casos reales de industria<\/li>\n<\/ul>\n\n\n\n<p>Las tesis 3MT\u2013ER\/EP deben alinearse con <strong>uno o m\u00e1s<\/strong> de los siguientes dominios oficiales:<\/p>\n\n\n\n<ul class=\"wp-block-list\">\n<li>Aerospace and Aeronautical Science<\/li>\n\n\n\n<li>Agriculture, Food, and Farming<\/li>\n\n\n\n<li>Biochemistry<\/li>\n\n\n\n<li>Biomedical\/Health<\/li>\n\n\n\n<li>Biotechnology, Bioinformatics and Nanotechnology<\/li>\n\n\n\n<li>Chemical and Materials<\/li>\n\n\n\n<li>Civil, Infrastructure, and Construction<\/li>\n\n\n\n<li>Computer Science, Computer Engineering, Data Science, AI, and Software<\/li>\n\n\n\n<li>Cybersecurity and Digital Forensics<\/li>\n\n\n\n<li>Electrical and Electronics<\/li>\n\n\n\n<li>Energy and Water<\/li>\n\n\n\n<li>Entrepreneurship and Innovation<\/li>\n\n\n\n<li>Green and Environmental Engineering<\/li>\n\n\n\n<li>Humanitarian Engineering in Latin America (HELA)<\/li>\n\n\n\n<li>Humanitarian, Peace, and Service-Learning Engineering<\/li>\n\n\n\n<li>Information Technology<\/li>\n\n\n\n<li>IoT, Industry 5.0 and Society 6.0<\/li>\n\n\n\n<li>Logistics and Transportation<\/li>\n\n\n\n<li>Mechanical and Electromechanical<\/li>\n\n\n\n<li>Natural Hazards<\/li>\n\n\n\n<li>Oceanography and Marine Sciences<\/li>\n\n\n\n<li>Project and Product Life Management in Engineering<\/li>\n\n\n\n<li>Production Engineering<\/li>\n\n\n\n<li>Sustainable Development in Engineering<\/li>\n\n\n\n<li>Technology Management<\/li>\n\n\n\n<li>Telecommunications<\/li>\n\n\n\n<li>Women and Diversity in Engineering<\/li>\n<\/ul>\n\n\n\n<h4 class=\"wp-block-heading\" style=\"font-size:18px\"><strong>Reglas generales para la presentaci\u00f3n:<\/strong><\/h4>\n\n\n\n<ul style=\"font-size:14px\" class=\"wp-block-list\">\n<li>Tesis presentadas en el 2024, 2025 o el 2026.<\/li>\n\n\n\n<li>Sin costo y totalmente virtual.&nbsp;<\/li>\n\n\n\n<li>Premio de reconocimiento solo a una tesis de maestr\u00eda y una tesis doctoral que obtengan la mayor calificaci\u00f3n.&nbsp;<\/li>\n\n\n\n<li style=\"font-size:14px\">Las presentaciones est\u00e1n limitadas a 3 minutos y quienes excedan los 3 minutos ser\u00e1n descalificados.<\/li>\n\n\n\n<li style=\"font-size:14px\">Se considera que las presentaciones han comenzado cuando el expositor o expositora comienza su presentaci\u00f3n mediante un discurso.&nbsp;<\/li>\n\n\n\n<li style=\"font-size:14px\">Se permite una sola diapositiva est\u00e1tica en la presentaci\u00f3n (sin transiciones de diapositivas, animaciones o &#8220;movimientos&#8221; de cualquier tipo).&nbsp;<\/li>\n\n\n\n<li style=\"font-size:14px\">El video de 3 minutos debe ser continuo, sin modificaciones ni interrupciones de sonido.<\/li>\n\n\n\n<li style=\"font-size:14px\">No se permiten accesorios adicionales (por ejemplo, disfraces, instrumentos musicales, equipos de laboratorio y fondos animados) dentro de la grabaci\u00f3n.<\/li>\n\n\n\n<li style=\"font-size:14px\">Las presentaciones deben ser habladas (por ejemplo, no poemas, raps o canciones).<\/li>\n\n\n\n<li style=\"font-size:14px\">No se permiten medios electr\u00f3nicos adicionales (por ejemplo, archivos de sonido y video) dentro de la grabaci\u00f3n de video.<\/li>\n\n\n\n<li style=\"font-size:14px\">La decisi\u00f3n del jurado de adjudicaci\u00f3n es definitiva.<\/li>\n<\/ul>\n\n\n\n<h4 class=\"wp-block-heading\" style=\"font-size:18px\"><strong><strong>Pautas para el env\u00edo<\/strong>:<\/strong><\/h4>\n\n\n\n<ul style=\"font-size:14px\" class=\"wp-block-list\">\n<li style=\"font-size:14px\">Deben enviarse dos archivos: uno con un resumen extendido de la investigaci\u00f3n (para ser publicado en los proceedings, ver <a href=\"https:\/\/laccei.org\/LACCEI_uploads\/Template_LACCEI-2026-Before_Peer_Review-Phase01.doc\">TEMPLATE<\/a>) y el otro con el video.&nbsp;<\/li>\n\n\n\n<li>Pueden revisar algunas recomendaciones para el video en el siguiente enlace <a href=\"https:\/\/threeminutethesis.uq.edu.au\/3mt-video-recording-competitor-guide\"><mark style=\"background-color:rgba(0, 0, 0, 0)\" class=\"has-inline-color has-primary-color\">\u201cOrientaciones para presentaciones\u201d<\/mark><\/a>.&nbsp;<\/li>\n\n\n\n<li>Click <a href=\"https:\/\/www.conftool.pro\/laccei2026\/\"><mark style=\"background-color:rgba(0, 0, 0, 0)\" class=\"has-inline-color has-primary-color\">aqu\u00ed<\/mark><\/a> para ir al sitio web de ConfTool. Usar el track: \u201cInternational Master Thesis or International Doctoral Thesis\u201d.\n<ul class=\"wp-block-list\">\n<li>Click <a href=\"https:\/\/docs.google.com\/presentation\/d\/1caPiXE7rwCVWeVk10FFrUxp4YL4n5rTbzmjtSUh-cn8\/edit#slide=id.p\"><mark style=\"background-color:rgba(0, 0, 0, 0)\" class=\"has-inline-color has-primary-color\">aqu\u00ed<\/mark><\/a> para instrucciones de c\u00f3mo subir los archivos.<\/li>\n<\/ul>\n<\/li>\n\n\n\n<li>Plantilla del Powerpoint para la presentaci\u00f3n: <a href=\"https:\/\/laccei.org\/LACCEI_uploads\/Presentation-3MTLACCEI-2026.ppt\"><mark style=\"background-color:rgba(0, 0, 0, 0)\" class=\"has-inline-color has-primary-color\">Aqu\u00ed<\/mark><\/a>.<\/li>\n<\/ul>\n\n\n\n<h4 class=\"wp-block-heading\" style=\"font-size:18px\"><strong>Criterios de evaluaci\u00f3n del jurado:<\/strong><\/h4>\n\n\n\n<p style=\"font-size:14px\">El jurado estar\u00e1 integrado por tres profesionales expertos. Cada trabajo ser\u00e1 evaluado seg\u00fan los criterios de evaluaci\u00f3n (puede ver la r\u00fabrica de evaluaci\u00f3n HERE) que se enumeran a continuaci\u00f3n:<\/p>\n\n\n\n<p style=\"font-size:14px\"><strong>Comprensi\u00f3n y contenido<\/strong><\/p>\n\n\n\n<ul style=\"font-size:14px\" class=\"wp-block-list\">\n<li style=\"font-size:14px\">Presenta el problema y\/u objetivo: Implica exponer a los destinatarios de forma clara cu\u00e1l es el objetivo del estudio: en qu\u00e9 campo se inserta el estudio, qu\u00e9 informaci\u00f3n hay al respecto, cu\u00e1l es el alcance.<\/li>\n\n\n\n<li>Describe la metodolog\u00eda: En la ciencia lo m\u00e1s importante es c\u00f3mo se llevaron adelante los estudios. Por tanto, en esta secci\u00f3n se espera que muestre de forma abreviada cu\u00e1les fueron las decisiones metodol\u00f3gicas del estudio para lograr el objetivo.&nbsp;<\/li>\n\n\n\n<li>Presenta de manera clara y precisa los resultados y conclusiones<strong>.<\/strong> Se trata de presentar los principales resultados del proyecto: datos y argumentos. Deben presentarse f\u00f3rmulas, gr\u00e1ficos, tablas que sean legibles.&nbsp;<\/li>\n<\/ul>\n\n\n\n<p style=\"font-size:14px\"><strong>Compromiso y comunicaci\u00f3n<\/strong><\/p>\n\n\n\n<ul style=\"font-size:14px\" class=\"wp-block-list\">\n<li style=\"font-size:14px\">El discurso fue pronunciado con claridad y el lenguaje era apropiado para un p\u00fablico no especializado.<\/li>\n\n\n\n<li>Utiliza las plantillas en los formatos solicitados, incluyendo todos los elementos significativos, desde el t\u00edtulo hasta las referencias. La informaci\u00f3n gr\u00e1fica (im\u00e1genes, cuadros, tablas) es pertinente y legible.<\/li>\n\n\n\n<li>El presentador o presentadora transmiti\u00f3 entusiasmo por su investigaci\u00f3n y capt\u00f3 y mantuvo la atenci\u00f3n del p\u00fablico.<\/li>\n<\/ul>\n\n\n\n<h2 class=\"wp-block-heading\">Sobre el reconocimiento: <\/h2>\n\n\n\n<ul style=\"font-size:14px\" class=\"wp-block-list\">\n<li style=\"font-size:14px\">El reconocimiento se otorgar\u00e1 a una tesis de maestr\u00eda y una tesis doctoral.&nbsp;<\/li>\n\n\n\n<li>Se otorga el reconocimiento a quienes obtengan la mayor calificaci\u00f3n para cada categor\u00eda (maestr\u00eda y doctoral). <\/li>\n<\/ul>\n\n\n\n<h2 class=\"wp-block-heading\">Fecha importante: <\/h2>\n\n\n\n<p>Quienes deseen participar deben registrarse y subir los archivos (resumen y video) al sistema hasta el <strong>27 de abril de 2026.<\/strong><\/p>\n","protected":false},"excerpt":{"rendered":"<p>Reconocimientos a Tesis de Maestr\u00eda y Doctoradoen Investigaci\u00f3n y Pr\u00e1ctica de la Ingenier\u00eda (3MT\u00ae) Para el 2026, LACCEI presenta la convocatoria 3MT\u00ae \u2013 Investigaci\u00f3n y Pr\u00e1ctica de la Ingenier\u00eda, en ingles: 3MT in Engineering Research and Engineering Practice (ER\/EP), dirigida a tesis de maestr\u00eda y doctorado en ingenier\u00eda, tecnolog\u00eda y pr\u00e1ctica profesional avanzada, en el [&hellip;]<\/p>\n","protected":false},"author":1,"featured_media":0,"parent":0,"menu_order":0,"comment_status":"closed","ping_status":"closed","template":"","meta":{"footnotes":""},"class_list":["post-339","page","type-page","status-publish","hentry"],"_links":{"self":[{"href":"https:\/\/laccei.org\/laccei2026\/wp-json\/wp\/v2\/pages\/339","targetHints":{"allow":["GET"]}}],"collection":[{"href":"https:\/\/laccei.org\/laccei2026\/wp-json\/wp\/v2\/pages"}],"about":[{"href":"https:\/\/laccei.org\/laccei2026\/wp-json\/wp\/v2\/types\/page"}],"author":[{"embeddable":true,"href":"https:\/\/laccei.org\/laccei2026\/wp-json\/wp\/v2\/users\/1"}],"replies":[{"embeddable":true,"href":"https:\/\/laccei.org\/laccei2026\/wp-json\/wp\/v2\/comments?post=339"}],"version-history":[{"count":39,"href":"https:\/\/laccei.org\/laccei2026\/wp-json\/wp\/v2\/pages\/339\/revisions"}],"predecessor-version":[{"id":1970,"href":"https:\/\/laccei.org\/laccei2026\/wp-json\/wp\/v2\/pages\/339\/revisions\/1970"}],"wp:attachment":[{"href":"https:\/\/laccei.org\/laccei2026\/wp-json\/wp\/v2\/media?parent=339"}],"curies":[{"name":"wp","href":"https:\/\/api.w.org\/{rel}","templated":true}]}}