{"id":263,"date":"2023-05-03T14:35:47","date_gmt":"2023-05-03T14:35:47","guid":{"rendered":"https:\/\/laccei.org\/laccei2025\/?page_id=263"},"modified":"2025-04-24T17:10:54","modified_gmt":"2025-04-24T17:10:54","slug":"bootcamp-laccei-2025","status":"publish","type":"page","link":"https:\/\/laccei.org\/laccei2025\/bootcamp-laccei-2025\/","title":{"rendered":"Bootcamp LACCEI 2025"},"content":{"rendered":"\n<p class=\"has-text-align-center\" style=\"font-size:26px\"><strong>Bootcamp LACCEI 2025<\/strong><\/p>\n\n\n\n<p class=\"has-text-align-center\" style=\"font-size:14px\"><strong>7 al 18 de julio<\/strong><\/p>\n\n\n\n<p class=\"has-text-align-right\"><mark style=\"background-color:rgba(0, 0, 0, 0)\" class=\"has-inline-color has-primary-color\">English version: click here<\/mark><\/p>\n\n\n\n<figure class=\"wp-block-image aligncenter size-large is-resized\"><img loading=\"lazy\" decoding=\"async\" width=\"1024\" height=\"429\" src=\"https:\/\/laccei.org\/laccei2025\/wp-content\/uploads\/sites\/7\/2025\/02\/bootcamp2025-1-1024x429.jpg\" alt=\"\" class=\"wp-image-1396\" style=\"width:auto;height:350px\" srcset=\"https:\/\/laccei.org\/laccei2025\/wp-content\/uploads\/sites\/7\/2025\/02\/bootcamp2025-1-1024x429.jpg 1024w, https:\/\/laccei.org\/laccei2025\/wp-content\/uploads\/sites\/7\/2025\/02\/bootcamp2025-1-300x126.jpg 300w, https:\/\/laccei.org\/laccei2025\/wp-content\/uploads\/sites\/7\/2025\/02\/bootcamp2025-1-768x321.jpg 768w, https:\/\/laccei.org\/laccei2025\/wp-content\/uploads\/sites\/7\/2025\/02\/bootcamp2025-1-1536x643.jpg 1536w, https:\/\/laccei.org\/laccei2025\/wp-content\/uploads\/sites\/7\/2025\/02\/bootcamp2025-1.jpg 1792w\" sizes=\"auto, (max-width: 1024px) 100vw, 1024px\" \/><\/figure>\n\n\n\n<p style=\"font-size:13px\">El Bootcamp LACCEI 2025 es la actividad estudiantil con el apoyo de los Cap\u00edtulos Estudiantiles de LACCEI, que se llevar\u00e1 a cabo en dos partes: una de manera virtual del 7 al 11 de julio y otra de forma presencial del 14 al 18 de julio de 2025 en el hotel Barcel\u00f3 M\u00e9xico Reforma. Este evento est\u00e1 dise\u00f1ado para ofrecer a los estudiantes un espacio de aprendizaje y colaboraci\u00f3n m\u00e1s all\u00e1 de su entorno acad\u00e9mico, brindando una experiencia enriquecedora bajo protocolos de bioseguridad.<\/p>\n\n\n\n<p>El Bootcamp tiene como prop\u00f3sito principal fomentar el desarrollo acad\u00e9mico e intercultural, ofreciendo a los participantes la oportunidad de trabajar junto a sus pares internacionales en el Seminario de Proyectos de Innovaci\u00f3n para la Sostenibilidad.&nbsp;<\/p>\n\n\n\n<p style=\"font-size:13px\">A lo largo del programa, los participantes recibir\u00e1n mentor\u00eda y acompa\u00f1amiento continuo, fortaleciendo sus habilidades en pensamiento cr\u00edtico y en el uso de herramientas digitales que son clave para la ingenier\u00eda del futuro. El Bootcamp busca no solo generar soluciones innovadoras, sino tambi\u00e9n preparar a los estudiantes para afrontar los retos globales mediante la integraci\u00f3n de tecnolog\u00edas emergentes con una visi\u00f3n sostenible.<\/p>\n\n\n\n<p><strong>Objetivo del Bootcamp LACCEI 2025:<\/strong> proporcionar a los estudiantes de ingenier\u00eda y tecnolog\u00eda una inmersi\u00f3n en temas clave relacionados con la econom\u00eda circular, innovaci\u00f3n abierta, desarrollo sostenible e ingenier\u00eda humanitaria. A lo largo de las dos semanas, los participantes desarrollar\u00e1n habilidades tanto t\u00e9cnicas como interpersonales, explorando desaf\u00edos globales, co-creando soluciones y aprendiendo a presentar sus ideas de manera efectiva con el apoyo de herramientas innovadoras como la Inteligencia Artificial.<\/p>\n\n\n\n<p><strong>Perfil de participantes<\/strong><\/p>\n\n\n\n<p>Est\u00e1 dirigido solo a <strong>Estudiantes de Pregrado<\/strong> de las Instituciones en Ingenier\u00eda, Ciencia y\/o Tecnolog\u00eda e Innovaci\u00f3n del mundo.<\/p>\n\n\n\n<hr class=\"wp-block-separator has-alpha-channel-opacity\"\/>\n\n\n\n<p><strong>Programaci\u00f3n detallada &#8211; Primera parte (Virtual &#8211; 7 al 11 de julio del 2025)<\/strong><\/p>\n\n\n\n<p>Esta primera parte del Bootcamp LACCEI 2025 (virtual) ofrecer\u00e1 una experiencia formativa del 7 al 11 de julio de 2025, centrada en la innovaci\u00f3n abierta, la econom\u00eda circular y el desarrollo de habilidades clave en ingenier\u00eda. A trav\u00e9s de m\u00f3dulos interactivos, los participantes aprender\u00e1n a aplicar principios de sostenibilidad en la ingenier\u00eda, fortalecer\u00e1n sus habilidades blandas, como el trabajo en equipo y la comunicaci\u00f3n, y mejorar\u00e1n sus competencias en el uso de inteligencia artificial para presentaciones efectivas.<\/p>\n\n\n\n<p><strong>Lunes 7 de julio de 2025 (virtual):<\/strong><\/p>\n\n\n\n<ul class=\"wp-block-list\">\n<li>Bienvenida.<\/li>\n\n\n\n<li>M\u00f3dulo 1: Introducci\u00f3n a la Econom\u00eda Circular y la Innovaci\u00f3n Abierta y la relaci\u00f3n con la Ingenier\u00eda.<\/li>\n\n\n\n<li>Casos pr\u00e1cticos.<\/li>\n<\/ul>\n\n\n\n<p><strong>Martes 8 de julio de 202<strong>5 (virtual):<\/strong><\/strong><\/p>\n\n\n\n<ul class=\"wp-block-list\">\n<li>M\u00f3dulo 2: Las habilidades sociohuman\u00edsticas: Importancia de la Ingenier\u00eda Humanitaria y el Desarrollo Sostenible en la Ingenier\u00eda.<\/li>\n<\/ul>\n\n\n\n<p><strong>Mi\u00e9rcoles 9 de julio de 2025 (virtual):<\/strong><\/p>\n\n\n\n<ul class=\"wp-block-list\">\n<li>M\u00f3dulo 3: Identificaci\u00f3n de Desaf\u00edos y Co-Creaci\u00f3n de Soluciones.<\/li>\n<\/ul>\n\n\n\n<p><strong>Jueves 10 de julio de 2025<strong> (virtual):<\/strong><\/strong><\/p>\n\n\n\n<ul class=\"wp-block-list\">\n<li>M\u00f3dulo 4: Dise\u00f1o y Prototipado de Soluciones.<\/li>\n<\/ul>\n\n\n\n<p><strong>Viernes 11 de julio de 202<strong>5 (virtual):<\/strong><\/strong><\/p>\n\n\n\n<ul class=\"wp-block-list\">\n<li>M\u00f3dulo 5: Evaluaci\u00f3n de Impacto&nbsp;.<\/li>\n\n\n\n<li>M\u00f3dulo 6: Presentaciones efectivas y uso de IA como herramienta de soporte.<\/li>\n\n\n\n<li>Orientaciones Generales del trabajo en la Multiconferencia.<\/li>\n<\/ul>\n\n\n\n<p><strong>Resultados esperados para la primera parte:<\/strong> Al finalizar la primera parte del Bootcamp, los participantes habr\u00e1n desarrollado habilidades de co-creaci\u00f3n aplicadas a la innovaci\u00f3n abierta en econom\u00eda circular. Adem\u00e1s, habr\u00e1n fortalecido sus competencias en gesti\u00f3n de proyectos con enfoque en ingenier\u00eda humanitaria. Asimismo habr\u00e1n mejorado sus habilidades blandas y ser\u00e1n capaces de presentar una propuesta con un prototipo de soluci\u00f3n innovadora.<\/p>\n\n\n\n<hr class=\"wp-block-separator has-alpha-channel-opacity\"\/>\n\n\n\n<p><strong>Programaci\u00f3n detallada &#8211; <strong>Segunda parte (Presencial &#8211; <\/strong>14 al 18 de Julio)<\/strong><\/p>\n\n\n\n<p>Esta segunda parte (solo presencial) comenzar\u00e1 con el viaje y bienvenida para los participantes extranjeros. Durante la semana, los estudiantes participar\u00e1n en actividades interactivas como el Global Village, talleres de integraci\u00f3n y din\u00e1micas de trabajo en equipo. Se integrar\u00e1n con las actividades de la Multiconferencia LACCEI 2025 y luego los estudiantes presentar\u00e1n sus prototipos ante un jurado para seleccionar a los ganadores.<\/p>\n\n\n\n<p><strong>S\u00e1bado 12 y domingo 13 de julio de 2025<\/strong>:<\/p>\n\n\n\n<ul class=\"wp-block-list\">\n<li>Viaje a la Ciudad de M\u00e9xico.<\/li>\n<\/ul>\n\n\n\n<p><strong>Domingo 13 de julio de 2025<\/strong>:<\/p>\n\n\n\n<ul class=\"wp-block-list\">\n<li>17 hs. de M\u00e9xico. Bienvenida para participantes extranjeros en el lobby del hotel donde se desarrolle la multiconferencia.<\/li>\n<\/ul>\n\n\n\n<p><strong>Lunes 14 de julio de 2025 (presencial):<\/strong><\/p>\n\n\n\n<ul class=\"wp-block-list\">\n<li>Global Village: \u00bfQui\u00e9nes son nuestros nuevos aliados globales? (Ma\u00f1ana).<\/li>\n\n\n\n<li>Presentaci\u00f3n de LACCEI (tarde):\n<ul class=\"wp-block-list\">\n<li>Cap\u00edtulos estudiantiles.<\/li>\n\n\n\n<li>Direcci\u00f3n Ejecutiva.<\/li>\n\n\n\n<li>Presidente.<\/li>\n\n\n\n<li>Vicepresidentes Asociados.<\/li>\n\n\n\n<li>Comit\u00e9s.<\/li>\n\n\n\n<li>Taller de g\u00e9nero (Dra. Ileana Ruiz).<\/li>\n<\/ul>\n<\/li>\n<\/ul>\n\n\n\n<p><strong>Martes 15 de julio de 2025<strong> (presencial):<\/strong><\/strong><\/p>\n\n\n\n<ul class=\"wp-block-list\">\n<li>Visita a Universidad, tema por definir.<\/li>\n\n\n\n<li>Actividad de Oficinas de Relaciones Internacionales (ORI).<\/li>\n<\/ul>\n\n\n\n<p><strong>Mi\u00e9rcoles 16 de julio de 2025<strong> (presencial):<\/strong><\/strong><\/p>\n\n\n\n<ul class=\"wp-block-list\">\n<li>Programaci\u00f3n LACCEI.<\/li>\n<\/ul>\n\n\n\n<p><strong>Jueves 17 de julio de 2025<strong> (presencial):<\/strong><\/strong><\/p>\n\n\n\n<ul class=\"wp-block-list\">\n<li>Programaci\u00f3n LACCEI.<\/li>\n\n\n\n<li>Workshop: \u201cIngenier\u00eda e Inteligencia Artificial\u201d.<\/li>\n\n\n\n<li>Competencia estudiantil: Posters &amp; Researches.<\/li>\n\n\n\n<li>M\u00f3dulo 7: Preparaci\u00f3n y Asesor\u00eda para la presentaci\u00f3n.<\/li>\n<\/ul>\n\n\n\n<p><strong>Viernes 18 de julio de 2025<strong> (presencial):<\/strong><\/strong><\/p>\n\n\n\n<ul class=\"wp-block-list\">\n<li>Programaci\u00f3n LACCEI.<\/li>\n\n\n\n<li>Presentaci\u00f3n de prototipos virtuales de soluciones desarrolladas ante jurado.<\/li>\n<\/ul>\n\n\n\n<p><strong>Resultados esperados para la segunda parte:<\/strong> Al finalizar la parte presencial del Bootcamp LACCEI 2025, los participantes habr\u00e1n adquirido experiencia pr\u00e1ctica mejorando sus habilidades de trabajo en equipo e interacci\u00f3n intercultural, &nbsp;lo que les permitir\u00e1 enfrentar desaf\u00edos globales y habr\u00e1n desarrollado competencias en \u00e1reas clave como la ingenier\u00eda sostenible y la inteligencia artificial. Adem\u00e1s, habr\u00e1n tenido la oportunidad de presentar sus ideas a un jurado internacional, mejorando sus habilidades de presentaci\u00f3n y comunicaci\u00f3n, y reforzando su capacidad para aplicar sus conocimientos en situaciones reales.<br><\/p>\n\n\n\n<hr class=\"wp-block-separator has-alpha-channel-opacity\"\/>\n\n\n\n<p><strong>Costos hasta el 6 de mayo (Early Bird):<\/strong>&nbsp;<\/p>\n\n\n\n<ul class=\"wp-block-list\">\n<li>Plan solo virtual: 50 USD\/ 100 USD (l\u00edmite 40 participantes) &amp; Free para estudiantes en cap\u00edtulos (sujeto a disponibilidad).<\/li>\n\n\n\n<li>Plan b\u00e1sico (virtual &amp; presencial): 250 USD\/ 350 USD (l\u00edmite 30 participantes).<\/li>\n\n\n\n<li>Plan Hotel Incluido (5 noches &#8211; virtual &amp; presencial): 700 USD\/ 850 USD (l\u00edmite 30 participantes).<\/li>\n<\/ul>\n\n\n\n<p><strong>Costos despu\u00e9s del 7 de mayo:<\/strong>&nbsp;<\/p>\n\n\n\n<ul class=\"wp-block-list\">\n<li>Plan solo virtual: 50 USD\/ 100 USD (l\u00edmite 40 participantes) &amp; Free para estudiantes en cap\u00edtulos (sujeto a disponibilidad).<\/li>\n\n\n\n<li>Plan b\u00e1sico (virtual &amp; presencial): 300 USD\/ 400 USD (l\u00edmite 30 participantes).<\/li>\n\n\n\n<li>Plan Hotel Incluido (5 noches &#8211; virtual &amp; presencial): 850 USD\/ 1000 USD (l\u00edmite 30 participantes).<\/li>\n<\/ul>\n\n\n\n<figure class=\"wp-block-image aligncenter size-full\"><img loading=\"lazy\" decoding=\"async\" width=\"715\" height=\"724\" src=\"https:\/\/laccei.org\/laccei2025\/wp-content\/uploads\/sites\/7\/2025\/02\/image-2.png\" alt=\"\" class=\"wp-image-1412\" srcset=\"https:\/\/laccei.org\/laccei2025\/wp-content\/uploads\/sites\/7\/2025\/02\/image-2.png 715w, https:\/\/laccei.org\/laccei2025\/wp-content\/uploads\/sites\/7\/2025\/02\/image-2-296x300.png 296w\" sizes=\"auto, (max-width: 715px) 100vw, 715px\" \/><\/figure>\n\n\n\n<hr class=\"wp-block-separator has-alpha-channel-opacity\"\/>\n\n\n\n<p class=\"has-text-align-center\"><strong>Profesores capacitadores<\/strong><\/p>\n\n\n\n<ul class=\"wp-block-list\">\n<li>Dr. Alejandro Caroca, Universidad Andr\u00e9s Bello (Chile)<\/li>\n\n\n\n<li>Ing. Agustin Ranca\u00f1o, Universidad Nacional de Chilecito (Argentina)<\/li>\n\n\n\n<li>Dr. Evadil Ayala, Universidad Arturo Prat (Chile)<\/li>\n\n\n\n<li>Dra. Ileana Ruiz, Tecnol\u00f3gico de Monterrey (M\u00e9xico)<\/li>\n\n\n\n<li>Dr. Jorge Folloni, Director del Centro de Excelencia en Econom\u00eda Circular de la OEA (Argentina)<\/li>\n\n\n\n<li>Dra. Jusmeidy Zambrano, LACCEI (USA)<\/li>\n\n\n\n<li>Dr. Manuel Bermudez, University of Florida (USA)<\/li>\n\n\n\n<li>Dra. Nacarid Delgado Parra, Universidad Andr\u00e9s Bello (Chile)<\/li>\n\n\n\n<li>Dra. Sandra Merchan, Universidad de La Salle (Colombia)<\/li>\n<\/ul>\n\n\n\n<hr class=\"wp-block-separator has-alpha-channel-opacity\"\/>\n\n\n\n<p>M\u00e1s informaci\u00f3n: <a href=\"mailto:bootcamp@laccei.org\">bootcamp@laccei.org<\/a> ; <a href=\"mailto:info@laccei.org\">info@laccei.org<\/a><\/p>\n\n\n\n<p><strong>Coordinadora General: <\/strong>Ing. Karen Villalba &#8211; Universidad Tecnol\u00f3gica Nacional de Argentina<\/p>\n\n\n\n<p><strong>Email:<\/strong> <a href=\"mailto:bootcamp@laccei.org\">bootcamp@laccei.org<\/a>; <a href=\"mailto:info@laccei.org\">info@laccei.org<\/a><\/p>\n\n\n\n<p><strong><mark style=\"background-color:#f3f3f3\" class=\"has-inline-color has-contrast-color\">Para registro y pago, hacerlo por ConfTool: <\/mark><\/strong><a href=\"https:\/\/www.conftool.pro\/laccei2025\/\" target=\"_blank\" rel=\"noreferrer noopener\">https:\/\/www.conftool.pro\/laccei2025\/<\/a><mark style=\"background-color:rgba(0, 0, 0, 0)\" class=\"has-inline-color has-primary-color\"> <\/mark><\/p>\n\n\n\n<p><strong>Formulario web<\/strong> de pre-inscripci\u00f3n: <a href=\"https:\/\/forms.gle\/UY3aEi8ZNER8KqoN9\">https:\/\/forms.gle\/UY3aEi8ZNER8KqoN9<\/a>&nbsp;<\/p>\n\n\n\n<p class=\"has-text-align-center\">Link del grupo de <strong>WhatsApp:<\/strong> <a href=\"https:\/\/chat.whatsapp.com\/JTJljmkmr9Q8OQam10ePoi\">https:\/\/chat.whatsapp.com\/JTJljmkmr9Q8OQam10ePoi<\/a>&nbsp;<\/p>\n\n\n\n<figure class=\"wp-block-image aligncenter\"><img decoding=\"async\" src=\"https:\/\/lh7-rt.googleusercontent.com\/docsz\/AD_4nXc4pnJ6geFRDU1Jf0W7j_7CVyO7pHG8CKZbKfaXupAqvGr51rPurEf2JYtpjb9Q9i2h0fHcaKZKzwCCa7DRX7gGOEOnAhQIAg7LzNZZaBBA1w9IAyUZbGm127AguSjXAacicupW?key=6VFvHIA3zC1jL6ewxHxAYcee\" alt=\"\"\/><\/figure>\n","protected":false},"excerpt":{"rendered":"<p>Bootcamp LACCEI 2025 7 al 18 de julio English version: click here El Bootcamp LACCEI 2025 es la actividad estudiantil con el apoyo de los Cap\u00edtulos Estudiantiles de LACCEI, que se llevar\u00e1 a cabo en dos partes: una de manera virtual del 7 al 11 de julio y otra de forma presencial del 14 al [&hellip;]<\/p>\n","protected":false},"author":1,"featured_media":0,"parent":0,"menu_order":0,"comment_status":"closed","ping_status":"closed","template":"","meta":{"footnotes":""},"class_list":["post-263","page","type-page","status-publish","hentry"],"_links":{"self":[{"href":"https:\/\/laccei.org\/laccei2025\/wp-json\/wp\/v2\/pages\/263","targetHints":{"allow":["GET"]}}],"collection":[{"href":"https:\/\/laccei.org\/laccei2025\/wp-json\/wp\/v2\/pages"}],"about":[{"href":"https:\/\/laccei.org\/laccei2025\/wp-json\/wp\/v2\/types\/page"}],"author":[{"embeddable":true,"href":"https:\/\/laccei.org\/laccei2025\/wp-json\/wp\/v2\/users\/1"}],"replies":[{"embeddable":true,"href":"https:\/\/laccei.org\/laccei2025\/wp-json\/wp\/v2\/comments?post=263"}],"version-history":[{"count":60,"href":"https:\/\/laccei.org\/laccei2025\/wp-json\/wp\/v2\/pages\/263\/revisions"}],"predecessor-version":[{"id":1586,"href":"https:\/\/laccei.org\/laccei2025\/wp-json\/wp\/v2\/pages\/263\/revisions\/1586"}],"wp:attachment":[{"href":"https:\/\/laccei.org\/laccei2025\/wp-json\/wp\/v2\/media?parent=263"}],"curies":[{"name":"wp","href":"https:\/\/api.w.org\/{rel}","templated":true}]}}