{"id":1089,"date":"2024-07-17T06:14:49","date_gmt":"2024-07-17T06:14:49","guid":{"rendered":"https:\/\/laccei.org\/laccei2024\/?page_id=1089"},"modified":"2024-07-17T06:15:42","modified_gmt":"2024-07-17T06:15:42","slug":"dt2-laccei-2024","status":"publish","type":"page","link":"https:\/\/laccei.org\/laccei2024\/dt2-laccei-2024\/","title":{"rendered":"DT2 LACCEI 2024"},"content":{"rendered":"\n<h2 class=\"wp-block-heading has-text-align-center\"><strong>C\u00e1tedra Abierta Latinoamericana de Desarrollo Tecnol\u00f3gico y Transferencia (DT2) LACCEI<\/strong><\/h2>\n\n\n\n<p><strong>Fecha:<\/strong> 18 de julio de 2024 <strong>Hora:<\/strong> 14:00 &#8211; 15:50 PM<\/p>\n\n\n\n<p>Lugar: Sal\u00f3n 4, Crowne Plaza, San Jos\u00e9, Costa Rica<\/p>\n\n\n\n<ol start=\"1\" class=\"wp-block-list\">\n<li><strong>14:00 &#8211; 14:10:<\/strong> Bienvenida y apertura\n<ul class=\"wp-block-list\">\n<li><strong>Responsable:<\/strong> Miguel Sosa<\/li>\n<\/ul>\n<\/li>\n\n\n\n<li><strong>14:10 &#8211; 14:30:<\/strong> Informe de actividades desarrolladas en la c\u00e1tedra\n<ul class=\"wp-block-list\">\n<li><strong>Responsable:<\/strong> Fernando Zorto<\/li>\n\n\n\n<li><strong>Contenido:<\/strong> Resumen de las actividades realizadas, logros alcanzados y desaf\u00edos encontrados.<\/li>\n<\/ul>\n<\/li>\n\n\n\n<li><strong>14:30 &#8211; 14:50:<\/strong> Elecci\u00f3n del comit\u00e9 ejecutivo de la c\u00e1tedra\n<ul class=\"wp-block-list\">\n<li><strong>Responsable:<\/strong> Miguel Sosa<\/li>\n\n\n\n<li><strong>Contenido:<\/strong> Presentaci\u00f3n propuesta de organizaci\u00f3n de la C\u00e1tedra, postulaciones, proceso de votaci\u00f3n y anuncio de resultados.<\/li>\n<\/ul>\n<\/li>\n\n\n\n<li><strong>14:50 &#8211; 15:10:<\/strong> Propuesta de diplomatura sobre desarrollo tecnol\u00f3gico y transferencia por los miembros de la C\u00e1tedra Abierta\n<ul class=\"wp-block-list\">\n<li><strong>Responsible: <\/strong>Fernando Zorto<\/li>\n\n\n\n<li><strong>Contenido:<\/strong> Presentaci\u00f3n de la propuesta, discusi\u00f3n y votaci\u00f3n.<\/li>\n<\/ul>\n<\/li>\n\n\n\n<li><strong>15:10 &#8211; 15:30:<\/strong> Designaci\u00f3n de un equipo de trabajo para el Observatorio Latinoamericano de Tecnolog\u00eda emergente de LACCEI\n<ul class=\"wp-block-list\">\n<li><strong>Responsable:<\/strong> Fernando Zorto<\/li>\n\n\n\n<li><strong>Contenido:<\/strong> Discusi\u00f3n sobre los objetivos del equipo de trabajo, nominaci\u00f3n de miembros y confirmaci\u00f3n.<\/li>\n<\/ul>\n<\/li>\n\n\n\n<li><strong>15:30 &#8211; 15:45:<\/strong> Discusi\u00f3n abierta y preguntas\n<ul class=\"wp-block-list\">\n<li><strong>Responsable:<\/strong>Miguel Sosa<\/li>\n\n\n\n<li><strong>Contenido:<\/strong> Espacio para preguntas y comentarios de los participantes sobre los temas tratados.<\/li>\n<\/ul>\n<\/li>\n\n\n\n<li><strong>15:45 &#8211; 15:50:<\/strong> Clausura y agradecimientos\n<ul class=\"wp-block-list\">\n<li><strong>Responsable:<\/strong> Fernando Zorto<\/li>\n<\/ul>\n<\/li>\n<\/ol>\n\n\n\n<p><strong>Contenido:<\/strong> Resumen de la reuni\u00f3n, pr\u00f3ximos pasos y agradecimientos.<\/p>\n\n\n\n<hr class=\"wp-block-separator has-alpha-channel-opacity\"\/>\n\n\n\n<p><strong>18th July 2024 Time: 14:00 &#8211; 15:50 PM<\/strong><\/p>\n\n\n\n<p>Crowne Plaza, San Jose, Costa Rica<\/p>\n\n\n\n<ol start=\"1\" class=\"wp-block-list\">\n<li><strong>14:00 &#8211; 14:10:<\/strong> Welcome\n<ul class=\"wp-block-list\">\n<li><strong>Chair:<\/strong> Miguel Sosa<\/li>\n<\/ul>\n<\/li>\n\n\n\n<li><strong>14:10 &#8211; 14:30:<\/strong> Report of activities developed in the open course\n<ul class=\"wp-block-list\">\n<li><strong>Chair:<\/strong> Fernando Zorto<\/li>\n\n\n\n<li><strong>Content:<\/strong> Summary of activities carried out, achievements achieved and challenges encountered.<\/li>\n<\/ul>\n<\/li>\n\n\n\n<li><strong>14:30 &#8211; 14:50:<\/strong> Election of the executive committee of the chair\n<ul class=\"wp-block-list\">\n<li><strong>Chair:<\/strong> Miguel Sosa<\/li>\n\n\n\n<li><strong>Content:<\/strong> Presentation of proposed organization of the Chair, applications, voting process and announcement of results.<\/li>\n<\/ul>\n<\/li>\n\n\n\n<li><strong>14:50 &#8211; 15:10:<\/strong> Proposal for a diploma on technological development and transfer by members of the Open Chair\n<ul class=\"wp-block-list\">\n<li><strong>Chair: <\/strong>Fernando Zorto<\/li>\n\n\n\n<li><strong>Content:<\/strong> Presentation of the proposal, discussion and voting.<\/li>\n<\/ul>\n<\/li>\n\n\n\n<li><strong>15:10 &#8211; 15:30:<\/strong> Designation of a work team for the LACCEI Latin American Observatory of Emerging Technology\n<ul class=\"wp-block-list\">\n<li><strong>Chair:<\/strong> Fernando Zorto<\/li>\n\n\n\n<li><strong>Content:<\/strong> Discussion about the objectives of the work team, nomination of members and confirmation.<\/li>\n<\/ul>\n<\/li>\n\n\n\n<li><strong>15:30 &#8211; 15:45:<\/strong> Questions\n<ul class=\"wp-block-list\">\n<li><strong>Chair:<\/strong> Miguel Sosa<\/li>\n\n\n\n<li><strong>Content:<\/strong> Space for questions and comments from participants on the topics discussed.<\/li>\n<\/ul>\n<\/li>\n\n\n\n<li><strong>15:45 &#8211; 15:50:<\/strong> Closing\n<ul class=\"wp-block-list\">\n<li><strong>Chair:<\/strong> Fernando Zorto<\/li>\n<\/ul>\n<\/li>\n<\/ol>\n\n\n\n<p><strong>Contenido:<\/strong> Resumen de la reuni\u00f3n, pr\u00f3ximos pasos y agradecimientos.<\/p>\n","protected":false},"excerpt":{"rendered":"<p>C\u00e1tedra Abierta Latinoamericana de Desarrollo Tecnol\u00f3gico y Transferencia (DT2) LACCEI Fecha: 18 de julio de 2024 Hora: 14:00 &#8211; 15:50 PM Lugar: Sal\u00f3n 4, Crowne Plaza, San Jos\u00e9, Costa Rica Contenido: Resumen de la reuni\u00f3n, pr\u00f3ximos pasos y agradecimientos. 18th July 2024 Time: 14:00 &#8211; 15:50 PM Crowne Plaza, San Jose, Costa Rica Contenido: Resumen [&hellip;]<\/p>\n","protected":false},"author":1,"featured_media":0,"parent":0,"menu_order":0,"comment_status":"closed","ping_status":"closed","template":"","meta":{"footnotes":""},"class_list":["post-1089","page","type-page","status-publish","hentry"],"_links":{"self":[{"href":"https:\/\/laccei.org\/laccei2024\/wp-json\/wp\/v2\/pages\/1089","targetHints":{"allow":["GET"]}}],"collection":[{"href":"https:\/\/laccei.org\/laccei2024\/wp-json\/wp\/v2\/pages"}],"about":[{"href":"https:\/\/laccei.org\/laccei2024\/wp-json\/wp\/v2\/types\/page"}],"author":[{"embeddable":true,"href":"https:\/\/laccei.org\/laccei2024\/wp-json\/wp\/v2\/users\/1"}],"replies":[{"embeddable":true,"href":"https:\/\/laccei.org\/laccei2024\/wp-json\/wp\/v2\/comments?post=1089"}],"version-history":[{"count":2,"href":"https:\/\/laccei.org\/laccei2024\/wp-json\/wp\/v2\/pages\/1089\/revisions"}],"predecessor-version":[{"id":1092,"href":"https:\/\/laccei.org\/laccei2024\/wp-json\/wp\/v2\/pages\/1089\/revisions\/1092"}],"wp:attachment":[{"href":"https:\/\/laccei.org\/laccei2024\/wp-json\/wp\/v2\/media?parent=1089"}],"curies":[{"name":"wp","href":"https:\/\/api.w.org\/{rel}","templated":true}]}}

<h2 class="wp-block-heading has-text-align-center"><strong>Cátedra Abierta Latinoamericana de Desarrollo Tecnológico y Transferencia (DT2) LACCEI</strong></h2>



<p><strong>Fecha:</strong> 18 de julio de 2024 <strong>Hora:</strong> 14:00 &#8211; 15:50 PM</p>



<p>Lugar: Salón 4, Crowne Plaza, San José, Costa Rica</p>



<ol start="1" class="wp-block-list">
<li><strong>14:00 &#8211; 14:10:</strong> Bienvenida y apertura
<ul class="wp-block-list">
<li><strong>Responsable:</strong> Miguel Sosa</li>
</ul>
</li>



<li><strong>14:10 &#8211; 14:30:</strong> Informe de actividades desarrolladas en la cátedra
<ul class="wp-block-list">
<li><strong>Responsable:</strong> Fernando Zorto</li>



<li><strong>Contenido:</strong> Resumen de las actividades realizadas, logros alcanzados y desafíos encontrados.</li>
</ul>
</li>



<li><strong>14:30 &#8211; 14:50:</strong> Elección del comité ejecutivo de la cátedra
<ul class="wp-block-list">
<li><strong>Responsable:</strong> Miguel Sosa</li>



<li><strong>Contenido:</strong> Presentación propuesta de organización de la Cátedra, postulaciones, proceso de votación y anuncio de resultados.</li>
</ul>
</li>



<li><strong>14:50 &#8211; 15:10:</strong> Propuesta de diplomatura sobre desarrollo tecnológico y transferencia por los miembros de la Cátedra Abierta
<ul class="wp-block-list">
<li><strong>Responsible: </strong>Fernando Zorto</li>



<li><strong>Contenido:</strong> Presentación de la propuesta, discusión y votación.</li>
</ul>
</li>



<li><strong>15:10 &#8211; 15:30:</strong> Designación de un equipo de trabajo para el Observatorio Latinoamericano de Tecnología emergente de LACCEI
<ul class="wp-block-list">
<li><strong>Responsable:</strong> Fernando Zorto</li>



<li><strong>Contenido:</strong> Discusión sobre los objetivos del equipo de trabajo, nominación de miembros y confirmación.</li>
</ul>
</li>



<li><strong>15:30 &#8211; 15:45:</strong> Discusión abierta y preguntas
<ul class="wp-block-list">
<li><strong>Responsable:</strong>Miguel Sosa</li>



<li><strong>Contenido:</strong> Espacio para preguntas y comentarios de los participantes sobre los temas tratados.</li>
</ul>
</li>



<li><strong>15:45 &#8211; 15:50:</strong> Clausura y agradecimientos
<ul class="wp-block-list">
<li><strong>Responsable:</strong> Fernando Zorto</li>
</ul>
</li>
</ol>



<p><strong>Contenido:</strong> Resumen de la reunión, próximos pasos y agradecimientos.</p>



<hr class="wp-block-separator has-alpha-channel-opacity"/>



<p><strong>18th July 2024 Time: 14:00 &#8211; 15:50 PM</strong></p>



<p>Crowne Plaza, San Jose, Costa Rica</p>



<ol start="1" class="wp-block-list">
<li><strong>14:00 &#8211; 14:10:</strong> Welcome
<ul class="wp-block-list">
<li><strong>Chair:</strong> Miguel Sosa</li>
</ul>
</li>



<li><strong>14:10 &#8211; 14:30:</strong> Report of activities developed in the open course
<ul class="wp-block-list">
<li><strong>Chair:</strong> Fernando Zorto</li>



<li><strong>Content:</strong> Summary of activities carried out, achievements achieved and challenges encountered.</li>
</ul>
</li>



<li><strong>14:30 &#8211; 14:50:</strong> Election of the executive committee of the chair
<ul class="wp-block-list">
<li><strong>Chair:</strong> Miguel Sosa</li>



<li><strong>Content:</strong> Presentation of proposed organization of the Chair, applications, voting process and announcement of results.</li>
</ul>
</li>



<li><strong>14:50 &#8211; 15:10:</strong> Proposal for a diploma on technological development and transfer by members of the Open Chair
<ul class="wp-block-list">
<li><strong>Chair: </strong>Fernando Zorto</li>



<li><strong>Content:</strong> Presentation of the proposal, discussion and voting.</li>
</ul>
</li>



<li><strong>15:10 &#8211; 15:30:</strong> Designation of a work team for the LACCEI Latin American Observatory of Emerging Technology
<ul class="wp-block-list">
<li><strong>Chair:</strong> Fernando Zorto</li>



<li><strong>Content:</strong> Discussion about the objectives of the work team, nomination of members and confirmation.</li>
</ul>
</li>



<li><strong>15:30 &#8211; 15:45:</strong> Questions
<ul class="wp-block-list">
<li><strong>Chair:</strong> Miguel Sosa</li>



<li><strong>Content:</strong> Space for questions and comments from participants on the topics discussed.</li>
</ul>
</li>



<li><strong>15:45 &#8211; 15:50:</strong> Closing
<ul class="wp-block-list">
<li><strong>Chair:</strong> Fernando Zorto</li>
</ul>
</li>
</ol>



<p><strong>Contenido:</strong> Resumen de la reunión, próximos pasos y agradecimientos.</p>

<p>Cátedra Abierta Latinoamericana de Desarrollo Tecnológico y Transferencia (DT2) LACCEI Fecha: 18 de julio de 2024 Hora: 14:00 &#8211; 15:50 PM Lugar: Salón 4, Crowne Plaza, San José, Costa Rica Contenido: Resumen de la reunión, próximos pasos y agradecimientos. 18th July 2024 Time: 14:00 &#8211; 15:50 PM Crowne Plaza, San Jose, Costa Rica Contenido: Resumen [&hellip;]</p>
