{"id":435,"date":"2023-06-06T02:56:28","date_gmt":"2023-06-06T02:56:28","guid":{"rendered":"https:\/\/laccei.org\/laccei2023\/?page_id=435"},"modified":"2023-07-13T09:54:13","modified_gmt":"2023-07-13T09:54:13","slug":"tour","status":"publish","type":"page","link":"https:\/\/laccei.org\/laccei2023\/tour\/","title":{"rendered":"Tourism"},"content":{"rendered":"\n<p style=\"font-size:25px\">Visits (Organized by LACCEI)<\/p>\n\n\n\n<ul class=\"wp-block-list\">\n<li>FIUBA: limite 30 personas. El registro se realizar\u00e1 el jueves 20 de 8-12 hrs. en el front desk\n<ul class=\"wp-block-list\">\n<li>14:00 hs. Llegada de los participantes y recepci\u00f3n por parte del Director del Museo de Ciencia y T\u00e9cnica FIUBA<\/li>\n<\/ul>\n\n\n\n<ul class=\"wp-block-list\">\n<li>14:15 hs. Rese\u00f1a: &#8220;La creaci\u00f3n de la UBA. Las Facultades y en particular la de Ingenier\u00eda&#8221;<\/li>\n\n\n\n<li>15:00 hs. Visita al Laboratorio de Materiales y Estructuras &#8211; Demostraci\u00f3n de la Mesa Vibratoria &#8211; Prensa triaxial con control de deformaciones.<\/li>\n\n\n\n<li>16:00 hs. Primer Piso LaME: Visita al instituto de Tecnolog\u00eda de Pol\u00edmeros y Nanotecnolog\u00eda<\/li>\n\n\n\n<li>16:30 hs. Segundo piso (acceso por ascensor desde hall principal): Visita al Laboratorio de Investigaciones Viales, Departamento de Transporte<\/li>\n<\/ul>\n<\/li>\n<\/ul>\n\n\n\n<p style=\"font-size:25px\">Tours (Without LACCEI)<\/p>\n\n\n\n<ul class=\"wp-block-list\">\n<li>https:\/\/buenosairesbus.com\/en<\/li>\n\n\n\n<li>https:\/\/teatrocolon.org.ar\/en\/visit-us\/guided-tours<\/li>\n<\/ul>\n\n\n\n<p style=\"font-size:25px\">Hotels and Domos<\/p>\n\n\n\n<div class=\"wp-block-group is-layout-constrained wp-block-group-is-layout-constrained\">\n<div class=\"wp-block-columns is-layout-flex wp-container-core-columns-is-layout-28f84493 wp-block-columns-is-layout-flex\">\n<div class=\"wp-block-column is-layout-flow wp-block-column-is-layout-flow\">\n<p><a href=\"https:\/\/pampasdelsur.com\" target=\"_blank\" style=\"text-decoration: none\" rel=\"noopener\"><\/p>\n\n\n\n<div class=\"wp-block-cover is-light laccei-thumbnail\"><span aria-hidden=\"true\" class=\"wp-block-cover__background has-background-dim\"><\/span><img loading=\"lazy\" decoding=\"async\" width=\"1024\" height=\"683\" class=\"wp-block-cover__image-background wp-image-439\" alt=\"\" src=\"https:\/\/laccei.org\/laccei2023\/wp-content\/uploads\/sites\/3\/2023\/06\/388244062.jpg\" data-object-fit=\"cover\" srcset=\"https:\/\/laccei.org\/laccei2023\/wp-content\/uploads\/sites\/3\/2023\/06\/388244062.jpg 1024w, https:\/\/laccei.org\/laccei2023\/wp-content\/uploads\/sites\/3\/2023\/06\/388244062-300x200.jpg 300w, https:\/\/laccei.org\/laccei2023\/wp-content\/uploads\/sites\/3\/2023\/06\/388244062-768x512.jpg 768w\" sizes=\"auto, (max-width: 1024px) 100vw, 1024px\" \/><div class=\"wp-block-cover__inner-container is-layout-flow wp-block-cover-is-layout-flow\">\n<p class=\"has-text-align-left has-base-color has-text-color has-large-font-size\"><strong>Pampas del Sur<\/strong><\/p>\n\n\n\n<hr class=\"wp-block-separator has-text-color has-base-color has-alpha-channel-opacity has-base-background-color has-background is-style-wide\"\/>\n\n\n\n<p class=\"has-base-color has-text-color\" style=\"font-size:15px\">Hotel de Campo &amp; Eventos<\/p>\n\n\n\n<p><\/p>\n<\/div><\/div>\n\n\n\n<p><\/a><\/p>\n\n\n\n<p><\/p>\n<\/div>\n\n\n\n<div class=\"wp-block-column is-layout-flow wp-block-column-is-layout-flow\">\n<p><a href=\"https:\/\/www.estancialasmarias.com\" target=\"_blank\" style=\"text-decoration: none\" rel=\"noopener\"><\/p>\n\n\n\n<div class=\"wp-block-cover is-light laccei-thumbnail\"><span aria-hidden=\"true\" class=\"wp-block-cover__background has-background-dim\"><\/span><img loading=\"lazy\" decoding=\"async\" width=\"600\" height=\"450\" class=\"wp-block-cover__image-background wp-image-438\" alt=\"\" src=\"https:\/\/laccei.org\/laccei2023\/wp-content\/uploads\/sites\/3\/2023\/06\/las-marias-e1345846564931-1.jpg\" data-object-fit=\"cover\" srcset=\"https:\/\/laccei.org\/laccei2023\/wp-content\/uploads\/sites\/3\/2023\/06\/las-marias-e1345846564931-1.jpg 600w, https:\/\/laccei.org\/laccei2023\/wp-content\/uploads\/sites\/3\/2023\/06\/las-marias-e1345846564931-1-300x225.jpg 300w\" sizes=\"auto, (max-width: 600px) 100vw, 600px\" \/><div class=\"wp-block-cover__inner-container is-layout-flow wp-block-cover-is-layout-flow\">\n<p class=\"has-text-align-left has-base-color has-text-color has-large-font-size\">Estancia Las Marias<\/p>\n\n\n\n<hr class=\"wp-block-separator has-text-color has-base-color has-alpha-channel-opacity has-base-background-color has-background is-style-wide\"\/>\n\n\n\n<p class=\"has-base-color has-text-color\" style=\"font-size:15px\">Domo Nido<\/p>\n<\/div><\/div>\n\n\n\n<p><\/a><\/p>\n<\/div>\n<\/div>\n<\/div>\n","protected":false},"excerpt":{"rendered":"<p>Visits (Organized by LACCEI) Tours (Without LACCEI) Hotels and Domos<\/p>\n","protected":false},"author":1,"featured_media":0,"parent":0,"menu_order":0,"comment_status":"closed","ping_status":"closed","template":"","meta":{"footnotes":""},"class_list":["post-435","page","type-page","status-publish","hentry"],"_links":{"self":[{"href":"https:\/\/laccei.org\/laccei2023\/wp-json\/wp\/v2\/pages\/435","targetHints":{"allow":["GET"]}}],"collection":[{"href":"https:\/\/laccei.org\/laccei2023\/wp-json\/wp\/v2\/pages"}],"about":[{"href":"https:\/\/laccei.org\/laccei2023\/wp-json\/wp\/v2\/types\/page"}],"author":[{"embeddable":true,"href":"https:\/\/laccei.org\/laccei2023\/wp-json\/wp\/v2\/users\/1"}],"replies":[{"embeddable":true,"href":"https:\/\/laccei.org\/laccei2023\/wp-json\/wp\/v2\/comments?post=435"}],"version-history":[{"count":9,"href":"https:\/\/laccei.org\/laccei2023\/wp-json\/wp\/v2\/pages\/435\/revisions"}],"predecessor-version":[{"id":739,"href":"https:\/\/laccei.org\/laccei2023\/wp-json\/wp\/v2\/pages\/435\/revisions\/739"}],"wp:attachment":[{"href":"https:\/\/laccei.org\/laccei2023\/wp-json\/wp\/v2\/media?parent=435"}],"curies":[{"name":"wp","href":"https:\/\/api.w.org\/{rel}","templated":true}]}}